digit of 3344?
4
What is the units digit of 539?
9
What is the hundreds digit of 2050?
0
What is the units digit of 102711?
1
What is the units digit of 20141?
1
What is the thousands digit of 1719?
1
What is the tens digit of 3313?
1
What is the hundreds digit of 6339?
3
What is the tens digit of 382?
8
What is the hundreds digit of 20803?
8
What is the tens digit of 6092?
9
What is the tens digit of 146790?
9
What is the tens digit of 16624?
2
What is the tens digit of 4538?
3
What is the thousands digit of 11847?
1
What is the tens digit of 25787?
8
What is the tens digit of 4713?
1
What is the thousands digit of 3809?
3
What is the tens digit of 78733?
3
What is the hundreds digit of 126649?
6
What is the tens digit of 5477?
7
What is the tens digit of 313?
1
What is the thousands digit of 10361?
0
What is the hundreds digit of 4237?
2
What is the tens digit of 5880?
8
What is the tens digit of 148598?
9
What is the tens digit of 801?
0
What is the tens digit of 9855?
5
What is the units digit of 2645?
5
What is the units digit of 2819?
9
What is the hundreds digit of 955?
9
What is the hundreds digit of 3756?
7
What is the tens digit of 544?
4
What is the ten thousands digit of 36478?
3
What is the hundreds digit of 9674?
6
What is the hundreds digit of 833?
8
What is the tens digit of 10807?
0
What is the units digit of 961?
1
What is the units digit of 1498?
8
What is the thousands digit of 1837?
1
What is the hundreds digit of 290?
2
What is the hundreds digit of 1010?
0
What is the units digit of 46208?
8
What is the units digit of 404?
4
What is the hundreds digit of 31494?
4
What is the tens digit of 698?
9
What is the hundreds digit of 1425?
4
What is the hundreds digit of 9225?
2
What is the tens digit of 13146?
4
What is the thousands digit of 3764?
3
What is the hundreds digit of 1287?
2
What is the hundreds digit of 5009?
0
What is the thousands digit of 1991?
1
What is the ten thousands digit of 27252?
2
What is the tens digit of 2618?
1
What is the hundreds digit of 103480?
4
What is the units digit of 497?
7
What is the thousands digit of 1103?
1
What is the ten thousands digit of 112094?
1
What is the tens digit of 193581?
8
What is the ten thousands digit of 30374?
3
What is the units digit of 190?
0
What is the tens digit of 1214?
1
What is the thousands digit of 5914?
5
What is the units digit of 37391?
1
What is the tens digit of 7676?
7
What is the thousands digit of 15483?
5
What is the hundreds digit of 32062?
0
What is the units digit of 4238?
8
What is the units digit of 5861?
1
What is the thousands digit of 4350?
4
What is the ten thousands digit of 12858?
1
What is the units digit of 3604?
4
What is the units digit of 79?
9
What is the tens digit of 75465?
6
What is the tens digit of 3334?
3
What is the tens digit of 12613?
1
What is the thousands digit of 28881?
8
What is the tens digit of 48486?
8
What is the ten thousands digit of 41485?
4
What is the tens digit of 73880?
8
What is the tens digit of 8273?
7
What is the thousands digit of 2315?
2
What is the thousands digit of 74888?
4
What is the hundreds digit of 991?
9
What is the tens digit of 4654?
5
What is the hundreds digit of 55055?
0
What is the thousands digit of 3158?
3
What is the units digit of 4929?
9
What is the units digit of 1288?
8
What is the hundreds digit of 1703?
7
What is the thousands digit of 75685?
5
What is the hundreds digit of 6713?
7
What is the units digit of 203?
3
What is the hundreds digit of 5021?
0
What is the units digit of 18598?
8
What is the hundreds digit of 7155?
1
What is the tens digit of 9904?
0
What is the hundreds digit of 425?
4
What is the units digit of 1145?
5
What is the hundreds digit of 20411?
4
What is the hundreds digit of 3675?
6
What is the tens digit of 27988?
8
What is the tens digit of 129?
2
What is the units digit of 65750?
0
What is the units digit of 1005?
5
What is the tens digit of 11127?
2
What is the hundreds digit of 7106?
1
What is the hundreds digit of 4722?
7
What is the tens digit of 7343?
4
What is the units digit of 7107?
7
What is the units digit of 4873?
3
What is the hundreds digit of 271?
2
What is the tens digit of 227?
2
What is the hundreds digit of 1062?
0
What is the tens digit of 1110?
1
What is the tens digit of 171?
7
What is the units digit of 3234?
4
What is the thousands digit of 11073?
1
What is the ten thousands digit of 33446?
3
What is the hundreds digit of 3661?
6
What is the thousands digit of 3356?
3
What is the units digit of 4742?
2
What is the thousands digit of 4518?
4
What is the units digit of 23086?
6
What is the tens digit of 1131?
3
What is the thousands digit of 1257?
1
What is the hundreds digit of 10908?
9
What is the thousands digit of 2843?
2
What is the units digit of 45561?
1
What is the units digit of 22759?
9
What is the thousands digit of 29245?
9
What is the units digit of 167338?
8
What is the units digit of 1?
1
What is the ten thousands digit of 31091?
3
What is the hundreds digit of 218?
2
What is the units digit of 1281?
1
What is the hundreds digit of 4060?
0
What is the ten thousands digit of 25886?
2
What is the units digit of 93596?
6
What is the units digit of 4179?
9
What is the tens digit of 2890?
9
What is the tens digit of 1551?
5
What is the units digit of 1642?
2
What is the units digit of 970?
0
What is the thousands digit of 1560?
1
What is the tens digit of 9945?
4
What is the thousands digit of 12830?
2
What is the thousands digit of 1074?
1
What is the thousands digit of 78216?
8
What is the tens digit of 2207?
0
What is the units digit of 1220?
0
What is the units digit of 39354?
4
What is the units digit of 538?
8
What is the thousands digit of 35146?
5
What is the units digit of 1849?
9
What is the units digit of 803?
3
What is the tens digit of 2503?
0
What is the tens digit of 1537?
3
What is the units digit of 2451?
1
What is the thousands digit of 101380?
1
What is the tens digit of 4914?
1
What is the thousands digit of 7055?
7
What is the hundreds digit of 1763?
7
What is the thousands digit of 18371?
8
What is the hundreds digit of 6630?
6
What is the units digit of 11308?
8
What is the hundreds digit of 36244?
2
What is the tens digit of 18317?
1
What is the hundreds digit of 9443?
4
What is the units digit of 4266?
6
What is the units digit of 12275?
5
What is the hundreds digit of 1336?
3
What is the thousands digit of 24984?
4
What is the tens digit of 265?
6
What is the thousands digit of 6119?
6
What is the hundreds digit of 5450?
4
What is the tens digit of 28391?
9
What is the tens digit of 1736?
3
What is the thousands digit of 8103?
8
What is the thousands digit of 4912?
4
What is the hundreds digit of 7768?
7
What is the hundreds digit of 2284?
2
What is the hundreds digit of 3563?
5
What is the tens digit of 223?
2
What is the tens digit of 2364?
6
What is the thousands digit of 14749?
4
What is the hundreds digit of 6457?
4
What is the units digit of 141?
1
What is the hundreds digit of 985?
9
What is the hundreds digit of 5400?
4
What is the tens digit of 1116?
1
What is the tens digit of 24711?
1
What is the hundreds digit of 22350?
3
What is the units digit of 33?
3
What is the units digit of 313?
3
What is the units digit of 7702?
2
What is the tens digit of 19903?
0
What is the units digit of 208222?
2
What is the units digit of 1325?
5
What is the thousands digit of 3594?
3
What is the units digit of 1453?
3
What is the units digit of 1670?
0
What is the hundreds digit of 61449?
4
What is the hundreds digit of 419?
4
What is the tens digit of 24159?
5
What is the thousands digit of 59088?
9
What is the units digit of 337?
7
What is the ten thousands digit of 87265?
8
What is the tens digit of 328?
2
What is the units digit of 5664?
4
What is the thousands digit of 3079?
3
What is the hundreds digit of 13221?
2
What is the hundreds digit of 6983?
9
What is the units digit of 6591?
1
What is the tens digit of 208?
0
What is the units digit of 569?
9
What is the thousands digit of 1124?
1
What is the thousands digit of 23813?
3
What is the thousands digit of 6853?
6
What is the units digit of 4789?
9
What is the tens digit of 628?
2
What is the tens digit of 3686?
8
What is the hundreds digit